{"id":1016,"date":"2018-04-17T10:38:48","date_gmt":"2018-04-17T08:38:48","guid":{"rendered":"https:\/\/frauenberatung-belladonna.at\/?page_id=1016"},"modified":"2024-01-08T14:04:50","modified_gmt":"2024-01-08T13:04:50","slug":"unterstuetzen-sie-uns","status":"publish","type":"page","link":"https:\/\/frauenberatung-belladonna.at\/?page_id=1016","title":{"rendered":"Unterst\u00fctzen Sie uns"},"content":{"rendered":"<p><strong>Wir leisten einen wichtigen Beitrag f\u00fcr die Gesellschaft!<\/strong><\/p>\n<p>Wir arbeiten an der Basis, das bedeutet, dass wir f\u00fcr und mit Frauen aus allen sozialen Verh\u00e4ltnissen arbeiten.\u00a0 Dabei ist es uns wichtig als Beraterinnen eine Verbesserung der individuellen Notlagen zu erreichen. Der Blick auf die Wechselwirkung zwischen der eigenen Krisensituation und deren gesellschaftlichem Kontext ist ebenso wesentlicher Bestandteil dieser Arbeit von Frauen f\u00fcr Frauen. Dadurch leisten wir einen essentiellen Beitrag f\u00fcr die gesellschaftliche, rechtliche und \u00f6konomische Gleichstellung von Frauen*.<\/p>\n<p><strong>Ihre Spende ist wertvoll!<br \/>\n<\/strong><\/p>\n<p>Belladonna war in seinen Anf\u00e4ngen Treffpunkt, Kommunikationsraum und Kulturzentrum mit verschiedensten Angeboten f\u00fcr Frauen aus aller Welt. Leider fehlen uns f\u00fcr Aktivit\u00e4ten dieser Art mittlerweile schlicht die finanziellen Mittel.<\/p>\n<p>Mit einer Spende unterst\u00fctzen Sie nicht das Fortbestehen des Beratungsangebots. Mit einer entsprechenden Spende k\u00f6nnten wir Belladonna wieder als Kultur- und Kommunikationszentrum von Frauen etablieren.<\/p>\n<p><strong>Wir freuen uns auf Ihre Unterst\u00fctzung!<\/strong><\/p>\n<p><strong>Unsere Bankverbindung:<\/strong><br \/>\nVolksbank K\u00e4rnten eG<br \/>\nIBAN: AT86 4213 0000 2756 0002<br \/>\nBIC: VBOEATWWKLA<\/p>\n","protected":false},"excerpt":{"rendered":"<p>Wir leisten einen wichtigen Beitrag f\u00fcr die Gesellschaft! Wir arbeiten an der Basis, das bedeutet, dass wir f\u00fcr und mit Frauen aus allen sozialen Verh\u00e4ltnissen arbeiten.\u00a0 Dabei ist es uns wichtig als Beraterinnen eine Verbesserung der individuellen Notlagen zu erreichen. Der Blick auf die Wechselwirkung zwischen der eigenen Krisensituation und deren gesellschaftlichem Kontext ist ebenso &hellip; <a href=\"https:\/\/frauenberatung-belladonna.at\/?page_id=1016\" class=\"more-link\"><span class=\"screen-reader-text\">Unterst\u00fctzen Sie uns<\/span> weiterlesen <span class=\"meta-nav\">&rarr;<\/span><\/a><\/p>\n","protected":false},"author":1,"featured_media":0,"parent":0,"menu_order":0,"comment_status":"closed","ping_status":"closed","template":"","meta":{"footnotes":""},"class_list":["post-1016","page","type-page","status-publish","hentry"],"_links":{"self":[{"href":"https:\/\/frauenberatung-belladonna.at\/index.php?rest_route=\/wp\/v2\/pages\/1016","targetHints":{"allow":["GET"]}}],"collection":[{"href":"https:\/\/frauenberatung-belladonna.at\/index.php?rest_route=\/wp\/v2\/pages"}],"about":[{"href":"https:\/\/frauenberatung-belladonna.at\/index.php?rest_route=\/wp\/v2\/types\/page"}],"author":[{"embeddable":true,"href":"https:\/\/frauenberatung-belladonna.at\/index.php?rest_route=\/wp\/v2\/users\/1"}],"replies":[{"embeddable":true,"href":"https:\/\/frauenberatung-belladonna.at\/index.php?rest_route=%2Fwp%2Fv2%2Fcomments&post=1016"}],"version-history":[{"count":4,"href":"https:\/\/frauenberatung-belladonna.at\/index.php?rest_route=\/wp\/v2\/pages\/1016\/revisions"}],"predecessor-version":[{"id":1216,"href":"https:\/\/frauenberatung-belladonna.at\/index.php?rest_route=\/wp\/v2\/pages\/1016\/revisions\/1216"}],"wp:attachment":[{"href":"https:\/\/frauenberatung-belladonna.at\/index.php?rest_route=%2Fwp%2Fv2%2Fmedia&parent=1016"}],"curies":[{"name":"wp","href":"https:\/\/api.w.org\/{rel}","templated":true}]}}