{"id":1014,"date":"2018-04-17T10:36:08","date_gmt":"2018-04-17T08:36:08","guid":{"rendered":"https:\/\/frauenberatung-belladonna.at\/?page_id=1014"},"modified":"2024-01-08T14:07:42","modified_gmt":"2024-01-08T13:07:42","slug":"ueber-den-verein","status":"publish","type":"page","link":"https:\/\/frauenberatung-belladonna.at\/?page_id=1014","title":{"rendered":"\u00dcber den Verein"},"content":{"rendered":"<p>Wir sind Anlaufstelle f\u00fcr Frauen* jeder Kultur und jeden Alters. In unserer Arbeit sind uns Wertsch\u00e4tzung und das Eingehen auf die individuellen Probleme, M\u00f6glichkeiten und Ziele am wichtigsten. Wir, ein Team von erfahrenen und anerkannten Beraterinnen setzen uns ein um<\/p>\n<ul>\n<li>die Situation von Frauen in seelischen und sozialen Notlagen zu verbessern<\/li>\n<li>juristisch professionelle Unterst\u00fctzung zu geben<\/li>\n<li>Bewusstsein f\u00fcr die Anliegen von Frauen in der \u00d6ffentlichkeit zu schaffen<\/li>\n<li>Frauenkultur und Frauenkommunikation zu f\u00f6rdern<\/li>\n<\/ul>\n<p>Seit seiner Gr\u00fcndung als offenes Frauenkommunikations- und Frauenkulturzentrum im April 1986 hat sich Belladonna stetig weiterentwickelt. Heute ist Belladonna eine zertifizierte und anerkannte Frauen- und Familienberatungsstelle sowie Fachstelle bei sexualisierter Gewalt gegen Frauen, die vor allem in der psychosozialen und juristischen Beratung t\u00e4tig ist.<\/p>\n<p>Als Mitglied im Dachverband des <a href=\"https:\/\/www.netzwerk-frauenberatung.at\/\">&#8222;Netzwerkes der \u00f6sterreichischen Frauen- und M\u00e4dchenberatungsstellen&#8220;<\/a> setzt sich Belladonna f\u00fcr Chancengleichheit und Gleichbehandlung der Geschlechter ein. Damit setzt der Verein ein gesellschaftspolitisches Zeichen f\u00fcr mehr Engagement f\u00fcr Frauen und gegen gesellschaftliche Ungleichheiten, die sich auch in den gesellschaftlichen Strukturen zeigen.<\/p>\n<p>Belladonna ist auf F\u00f6rdergeber\/innen und auf Spenden angewiesen. Daher freuen wir uns \u00fcber Ihre Unterst\u00fctzung in Form einer Spende.<\/p>\n","protected":false},"excerpt":{"rendered":"<p>Wir sind Anlaufstelle f\u00fcr Frauen* jeder Kultur und jeden Alters. In unserer Arbeit sind uns Wertsch\u00e4tzung und das Eingehen auf die individuellen Probleme, M\u00f6glichkeiten und Ziele am wichtigsten. Wir, ein Team von erfahrenen und anerkannten Beraterinnen setzen uns ein um die Situation von Frauen in seelischen und sozialen Notlagen zu verbessern juristisch professionelle Unterst\u00fctzung zu &hellip; <a href=\"https:\/\/frauenberatung-belladonna.at\/?page_id=1014\" class=\"more-link\"><span class=\"screen-reader-text\">\u00dcber den Verein<\/span> weiterlesen <span class=\"meta-nav\">&rarr;<\/span><\/a><\/p>\n","protected":false},"author":1,"featured_media":0,"parent":0,"menu_order":0,"comment_status":"closed","ping_status":"closed","template":"","meta":{"footnotes":""},"class_list":["post-1014","page","type-page","status-publish","hentry"],"_links":{"self":[{"href":"https:\/\/frauenberatung-belladonna.at\/index.php?rest_route=\/wp\/v2\/pages\/1014","targetHints":{"allow":["GET"]}}],"collection":[{"href":"https:\/\/frauenberatung-belladonna.at\/index.php?rest_route=\/wp\/v2\/pages"}],"about":[{"href":"https:\/\/frauenberatung-belladonna.at\/index.php?rest_route=\/wp\/v2\/types\/page"}],"author":[{"embeddable":true,"href":"https:\/\/frauenberatung-belladonna.at\/index.php?rest_route=\/wp\/v2\/users\/1"}],"replies":[{"embeddable":true,"href":"https:\/\/frauenberatung-belladonna.at\/index.php?rest_route=%2Fwp%2Fv2%2Fcomments&post=1014"}],"version-history":[{"count":4,"href":"https:\/\/frauenberatung-belladonna.at\/index.php?rest_route=\/wp\/v2\/pages\/1014\/revisions"}],"predecessor-version":[{"id":1297,"href":"https:\/\/frauenberatung-belladonna.at\/index.php?rest_route=\/wp\/v2\/pages\/1014\/revisions\/1297"}],"wp:attachment":[{"href":"https:\/\/frauenberatung-belladonna.at\/index.php?rest_route=%2Fwp%2Fv2%2Fmedia&parent=1014"}],"curies":[{"name":"wp","href":"https:\/\/api.w.org\/{rel}","templated":true}]}}